is the remainder when 25 is divided by g?
9
Suppose -139 + 535 = 9*o. What is the remainder when 122 is divided by o?
34
Let t(w) = -w**2 + 2*w - 3. Let a be t(0). Let l(c) = -2*c**3 - 6*c - 5. What is the remainder when l(a) is divided by 18?
13
Let d(o) = 2*o**3 + 15*o**2 - 9*o - 8. Let b be d(-8). Suppose b = l - 9*l + 464. Calculate the remainder when l is divided by 12.
10
Suppose -4*k + 478 = 2*u, 5*u - 2*u + 137 = k. Let l = 70 + -21. Let j = l + -24. What is the remainder when k is divided by j?
22
Suppose b + b = -5*g + 50, -57 = -4*g - 5*b. What is the remainder when (3 + 1)*46/g is divided by 4?
3
Suppose x + 299 = 2*t, 4*t + 2*x + 64 = 642. Calculate the remainder when t is divided by 75.
72
Let i(v) = 18*v**3 + 2*v**2 - 1. Let l(j) = 22*j + 27. Let f be l(9). Suppose -f = -32*h + 29*h. What is the remainder when h is divided by i(1)?
18
Let u(p) = 40*p + 1 - 7*p - 2. What is the remainder when 62 is divided by u(1)?
30
Suppose -5*l - 2*c + 25 = -3*c, 0 = -3*l + c + 17. Suppose -l = 6*w - 22. Let f = -3 - -4. Calculate the remainder when w is divided by f.
0
Let j = 19 + -11. Calculate the remainder when (-392)/(-16) - -9 - (-1)/2 is divided by j.
2
Suppose l - 22 = -6. What is the remainder when (-98)/(-1) - (-8)/((-16)/6) is divided by l?
15
Let c = -62 + 94. What is the remainder when (7/21)/(3/558) is divided by c?
30
Calculate the remainder when 878 is divided by 912/42 + (-2)/(-7).
20
Suppose 5*o - 8*o = 0. Suppose -4*n + 2*w + 6 = o, -n = -5*n - 5*w + 13. Calculate the remainder when 7 is divided by n.
1
Let b = 351 - 338. What is the remainder when 60 is divided by b?
8
Suppose -31*a = -4*c - 29*a + 4742, -2*c - 5*a = -2377. What is the remainder when c is divided by 12?
10
Suppose -9*j + 14*j = 3345. What is the remainder when j is divided by 11?
9
Suppose -20 = 5*c, 16*d - c = 19*d - 20. What is the remainder when 13 is divided by d?
5
Suppose -14*g - 4128 = -57*g. What is the remainder when g is divided by 24?
0
Suppose -3*v - 3*v + 114 = 0. Suppose -j + v = -0*j. Calculate the remainder when j is divided by 7.
5
Let a(h) = 2*h. Let p be ((-1)/1)/((-4)/(-12)). Let k(u) = -u + 1. What is the remainder when a(2) is divided by k(p)?
0
Let d = 51 + -30. Let f = -19 - -166. Let q = 153 - f. Calculate the remainder when d is divided by q.
3
Let l(q) = 1. Let c = 13 - 12. Let k(r) = -3*r - 6. Let i(s) = c*k(s) + 4*l(s). Calculate the remainder when i(-1) is divided by 1.
0
Suppose 0 = -2*x + 3*x - 55. What is the remainder when x is divided by (-190)/(-14) - 54/(-126)?
13
What is the remainder when 84/(-714) - 2960/(-17) is divided by 62?
50
Let x(o) = 10*o**3 + o**2. Let k be x(-1). Let f(c) = c**3 + 7*c**2 - 21*c - 13. What is the remainder when 41 is divided by f(k)?
13
Suppose 12*d - 54 = 9*d. Let s(v) = v**3 + 21*v**2 + 17*v + 44. What is the remainder when s(-20) is divided by d?
14
Suppose 21 = -3*j + 6*j. Suppose -2*p = -b + 3*b - 48, 0 = 5*b + 2*p - 126. What is the remainder when b is divided by j?
5
Let d(t) = -t**2 - 6*t + 5. Let q be d(-6). Suppose 3*z = -q*x + 62, 2*z - 4*x = 6*z - 72. What is the remainder when z is divided by 4?
2
Suppose -5*b + 45 = 4*b. Suppose -b*k = -0*k + 10, 5*k = -2*n + 36. Calculate the remainder when n is divided by 16.
7
Suppose -6*p + 119 = -43. Suppose 0 = -2*i - v + 24, -i + 4*v + 10 = 5*v. What is the remainder when p is divided by i?
13
Suppose 3*b - k = 92, -b - 129 = -5*b - 5*k. Suppose 19 = 5*f + 3*q, 3*f + 0*f = 2*q. Suppose -8 = f*v - 24. What is the remainder when b is divided by v?
7
Let v(p) = 52*p**2 - 4*p - 4. Calculate the remainder when 229 is divided by v(-2).
17
Let d(v) = -v**3 + 6*v**2 - 4*v - 2. Calculate the remainder when 82 is divided by d(4).
12
Suppose -218*t + d + 374 = -215*t, d - 610 = -5*t. What is the remainder when t is divided by 18?
15
Let m = 330 + -260. What is the remainder when 136 is divided by m?
66
Let d = -13 + 2. Let y = d - -15. Suppose -40 = -y*q + 60. What is the remainder when 72 is divided by q?
22
Suppose -18*p + 725 = 7*p. What is the remainder when 38 is divided by p?
9
Let z(k) = -2*k**3 - 18*k**2 + 24*k + 36. Let r(u) = u**3 + 9*u**2 - 12*u - 18. Let c(b) = 7*r(b) + 3*z(b). What is the remainder when 8 is divided by c(-10)?
0
Let o(c) be the third derivative of c**5/60 - c**4/24 - c**3/6 - 4*c**2. Let l be o(1). What is the remainder when l + (-44)/(0 + -2) is divided by 8?
5
Let a = 849 - 828. What is the remainder when 218 is divided by a?
8
Suppose -10 = -4*f - 6. Suppose -3*m + s + 0*s = -16, m = 5*s - 18. Let a = m - f. What is the remainder when a is divided by 4?
2
Suppose -10 - 2 = -t. Suppose -c - 3 = -d, -5 - 2 = -4*d + 5*c. Let z(g) = -g**3 + 9*g**2 - 6*g + 6. Calculate the remainder when z(d) is divided by t.
10
Suppose -7*h = -4*h + 15. Let z(k) = -k**3 - 6*k**2 - 7*k - 8. Let d be z(h). Suppose 135 = 3*s + d*s. Calculate the remainder when s is divided by 8.
3
Let c(y) be the third derivative of -5*y**4/24 - 5*y**3/3 - 6*y**2. Let f be c(-7). Let v = f - 11. Calculate the remainder when 25 is divided by v.
11
Let z(i) = -11*i. Calculate the remainder when 2/(-1 - (-11)/10) is divided by z(-1).
9
Suppose -2*p + 70 = -d - 17, -d + 138 = 3*p. Calculate the remainder when p is divided by 33.
12
Suppose b - 3*b + o - 3 = 0, -4*b = -o + 7. Let d be (4/2)/(b/(-1)). Suppose -f + 0 = -d. What is the remainder when 2 is divided by f?
0
Suppose -6*j + 5*j = -12. Calculate the remainder when ((-6)/(-9))/((-5)/(-165)) is divided by j.
10
Suppose -61 = -4*t - 9. Let w = 38 - t. Calculate the remainder when (0 - -27)*328/123 is divided by w.
22
Suppose 2*o + 37 - 47 = 0, -4*n + 2*o = -130. Suppose 5*w - 44 - 34 = -4*p, -2*w - 4*p = -24. Calculate the remainder when n is divided by w.
17
Let r be (-3108)/56*4/(-6). Suppose -r*m + 39*m = 24. What is the remainder when -1 - ((-44)/(-2))/(-1) is divided by m?
9
Let u(s) = -s**2 - 65*s + 67. What is the remainder when u(-61) is divided by 105?
101
Suppose 4*z = -i, -3*i + i = 2*z. Suppose 0 = 5*p - 20 - i. Let f(r) = 2*r**3 - 7*r**2 + 6*r - 1. What is the remainder when 76 is divided by f(p)?
37
Let w be 21/12 - 2/(-8). Suppose -g - w = -4. Suppose -3*n + 50 = g*z - 3*z, 0 = 4*n - 4*z - 56. What is the remainder when n is divided by 10?
8
Suppose -62*x = -58*x + 4*a - 132, 0 = -3*x + 3*a + 93. Let p(g) = -10*g - 2. Calculate the remainder when x is divided by p(-2).
14
Let w = -31 - -45. Let m = 92 + -87. Suppose 7*j - 2*j - 245 = m*n, -5*j + n + 261 = 0. Calculate the remainder when j is divided by w.
11
Suppose -25 = -5*z, z - 241 = -7*l + 3*l. Suppose -3*v + 86 = l. Let h(a) = a + 7. What is the remainder when 30 is divided by h(v)?
14
Suppose -c = -3*k - 276, 2*k = c + k - 268. Let y = 390 - c. What is the remainder when y is divided by 32?
30
Let o be (-1)/(-3) + (-2)/(-3). Let v = o - -61. What is the remainder when v is divided by -8 - (4 - (21 - -7))?
14
Let x = 6 + -1. Suppose -n - n = 4*b - 136, x*b - 167 = -4*n. Suppose 4*u - 16 - 60 = 0. Calculate the remainder when b is divided by u.
16
Suppose -3*h + 8 = 2. Let j(a) = 6*a - 6*a + 4*a - a + 1 + h*a**2. What is the remainder when 4 is divided by j(-2)?
1
Let n = -8 + 13. Let v be ((-11)/33)/(2/(-618)). Suppose -3*a + 99 = 4*r, n*a - 45 = -r + v. What is the remainder when 57 is divided by a?
28
Let b(f) = -4*f**2 - 62*f + 39. What is the remainder when 102 is divided by b(-16)?
4
Let d(w) = -w**2 + 25*w - 111. Calculate the remainder when d(8) is divided by 15.
10
Let n = -521 - -554. What is the remainder when n is divided by 10?
3
Let j(r) = -2*r**2 - 14*r - 3. Let v be -14 - -13 - (-5)/(-1). Calculate the remainder when j(v) is divided by -2 - 7/((-7)/6).
1
Let r = 11 + 11. Let u be (-46)/(-4) + (-2)/(-4). Suppose -2*o + u + 0 = 0. What is the remainder when r is divided by o?
4
Suppose -5*y = 3*h - 26, 5*y - 10 = 5*h - 0*h. Let q(m) = -32 - h*m + 6*m + 28. Calculate the remainder when 31 is divided by q(5).
15
Let v(c) = 219*c - 1479. What is the remainder when (3 + -2)/(1/269) is divided by v(7)?
53
Let v = 1758 + -1473. What is the remainder when v is divided by 49?
40
What is the remainder when 77 is divided by (6/(-9))/(6/(-351))?
38
Let i(q) = -54*q - 2623. Suppose -5*u + 20 = -25. Suppose u*f - 4*f - 215 = 0. Ca